1821038 is divided by 1206?
1184
Calculate the remainder when 33355122 is divided by 247.
242
What is the remainder when 249308879 is divided by 912?
911
What is the remainder when 40361685 is divided by 2770?
15
What is the remainder when 91786 is divided by 3967?
545
Calculate the remainder when 8843733 is divided by 28901.
27
What is the remainder when 2831327 is divided by 3?
2
What is the remainder when 560893 is divided by 191?
117
Calculate the remainder when 2942503 is divided by 3800.
1303
What is the remainder when 54189445 is divided by 351?
310
Calculate the remainder when 69062 is divided by 8626.
54
Calculate the remainder when 24947 is divided by 450.
197
Calculate the remainder when 401845 is divided by 206.
145
Calculate the remainder when 2350918 is divided by 9558.
9208
Calculate the remainder when 2497647 is divided by 1248808.
31
Calculate the remainder when 8959771 is divided by 3458.
93
What is the remainder when 3715701 is divided by 123?
117
What is the remainder when 651795 is divided by 747?
411
What is the remainder when 14385929 is divided by 16?
9
What is the remainder when 516878 is divided by 11?
10
What is the remainder when 8055106 is divided by 353?
352
Calculate the remainder when 49788694 is divided by 479.
476
What is the remainder when 1004387 is divided by 334783?
38
What is the remainder when 824558 is divided by 75?
8
What is the remainder when 3340407 is divided by 1498?
1365
Calculate the remainder when 23584290 is divided by 129584.
2
Calculate the remainder when 362684 is divided by 5675.
5159
Calculate the remainder when 59469 is divided by 51942.
7527
What is the remainder when 159073 is divided by 79431?
211
Calculate the remainder when 163099265 is divided by 19.
16
Calculate the remainder when 2994067 is divided by 1247.
20
Calculate the remainder when 16379283 is divided by 1432.
67
What is the remainder when 59074 is divided by 84?
22
What is the remainder when 312330 is divided by 2560?
10
Calculate the remainder when 17960398 is divided by 29.
2
What is the remainder when 46630021 is divided by 364297?
5
What is the remainder when 5026186 is divided by 9610?
156
What is the remainder when 163026005 is divided by 9343?
9341
Calculate the remainder when 151665810 is divided by 1651.
1648
Calculate the remainder when 1738851 is divided by 253.
235
Calculate the remainder when 38012 is divided by 2204.
544
What is the remainder when 126109 is divided by 2018?
993
Calculate the remainder when 9968 is divided by 2230.
1048
Calculate the remainder when 4586672 is divided by 91.
90
What is the remainder when 1395984 is divided by 186?
54
What is the remainder when 1455117 is divided by 10?
7
What is the remainder when 333946 is divided by 193?
56
What is the remainder when 99260419 is divided by 241?
231
What is the remainder when 965283 is divided by 186?
129
Calculate the remainder when 702719 is divided by 77.
17
Calculate the remainder when 10065833 is divided by 209703.
89
What is the remainder when 131155 is divided by 1194?
1009
What is the remainder when 237214767 is divided by 15?
12
Calculate the remainder when 6009254 is divided by 6008563.
691
What is the remainder when 211252 is divided by 9303?
6586
Calculate the remainder when 481023 is divided by 68629.
620
Calculate the remainder when 144170 is divided by 48007.
149
Calculate the remainder when 814866 is divided by 284.
70
Calculate the remainder when 21541 is divided by 270.
211
Calculate the remainder when 12161711 is divided by 156.
107
What is the remainder when 34522 is divided by 326?
292
What is the remainder when 2218767 is divided by 41?
11
Calculate the remainder when 37251922 is divided by 575.
547
What is the remainder when 178171 is divided by 3722?
3237
Calculate the remainder when 1099438 is divided by 3626.
760
Calculate the remainder when 2447521 is divided by 2207.
2165
What is the remainder when 371145 is divided by 74217?
60
Calculate the remainder when 947828 is divided by 63114.
1118
What is the remainder when 1000977 is divided by 5155?
907
Calculate the remainder when 13847523 is divided by 103.
100
Calculate the remainder when 1247125 is divided by 814.
77
What is the remainder when 54783 is divided by 26750?
1283
Calculate the remainder when 7532526 is divided by 187.
166
Calculate the remainder when 362581 is divided by 181288.
5
Calculate the remainder when 3026121 is divided by 2503.
2497
What is the remainder when 54864 is divided by 335?
259
What is the remainder when 11059104 is divided by 105?
84
What is the remainder when 1156191 is divided by 476?
463
What is the remainder when 11668151 is divided by 9202?
15
What is the remainder when 1293547 is divided by 258681?
142
What is the remainder when 150039568 is divided by 99?
19
Calculate the remainder when 10274 is divided by 2241.
1310
What is the remainder when 1588439 is divided by 3177?
3116
What is the remainder when 2092120 is divided by 992?
984
Calculate the remainder when 4247843 is divided by 194.
19
Calculate the remainder when 1478463 is divided by 113.
84
What is the remainder when 5640344 is divided by 13?
8
Calculate the remainder when 10619 is divided by 828.
683
What is the remainder when 29810358 is divided by 4444?
6
What is the remainder when 353832 is divided by 77?
17
Calculate the remainder when 211158546 is divided by 105579272.
2
Calculate the remainder when 177648 is divided by 175763.
1885
What is the remainder when 77565 is divided by 77298?
267
Calculate the remainder when 899304 is divided by 1886.
1568
Calculate the remainder when 335466 is divided by 83848.
74
Calculate the remainder when 823943 is divided by 1603.
1
Calculate the remainder when 3966328 is divided by 870.
868
Calculate the remainder when 32072172 is divided by 4282.
4274
Calculate the remainder when 58609507 is divided by 6002.
5979
What is the remainder when 424493 is divided by 2374?
1921
What is the remainder when 681727 is divided by 13109?
59
Calculate the remainder when 80718552 is divided by 183.
180
Calculate the remainder when 27535 is divided by 146.
87
Calculate the remainder when 4756174 is divided by 690.
4
Calculate the remainder when 24422313 is divided by 5980.
5973
Calculate the remainder when 54905 is divided by 23248.
8409
Calculate the remainder when 188318 is divided by 91878.
4562
Calculate the remainder when 2028120 is divided by 690.
210
What is the remainder when 46438 is divided by 1169?
847
Calculate the remainder when 13360537 is divided by 2107.
50
What is the remainder when 7132397 is divided by 3566162?
73
Calculate the remainder when 1782131 is divided by 594035.
26
What is the remainder when 811723 is divided by 1461?
868
What is the remainder when 3357810 is divided by 3357592?
218
What is the remainder when 11523286 is divided by 23759?
171
What is the remainder when 20683131 is divided by 5690?
5671
What is the remainder when 714377 is divided by 2178?
2171
Calculate the remainder when 419561 is divided by 104882.
33
What is the remainder when 80604 is divided by 37009?
6586
Calculate the remainder when 57786 is divided by 693.
267
What is the remainder when 5437805 is divided by 5035?
5
What is the remainder when 15439 is divided by 15031?
408
Calculate the remainder when 928019 is divided by 421.
135
What is the remainder when 159864 is divided by 8853?
510
Calculate the remainder when 63738 is divided by 7095.
6978
What is the remainder when 708337 is divided by 2451?
2449
What is the remainder when 2160178 is divided by 40757?
57
What is the remainder when 16520635 is divided by 873?
856
Calculate the remainder when 13042 is divided by 599.
463
Calculate the remainder when 47704381 is divided by 139.
137
What is the remainder when 8328369 is divided by 382?
5
Calculate the remainder when 13429586 is divided by 228.
158
Calculate the remainder when 1427323 is divided by 279.
238
What is the remainder when 8892067 is divided by 1748?
1739
Calculate the remainder when 251760 is divided by 842.
2
Calculate the remainder when 95082 is divided by 18985.
157
Calculate the remainder when 39633847 is divided by 720615.
22
Calculate the remainder when 23292580 is divided by 379.
377
What is the remainder when 340251